vative of g**3/6 - 5*g**2/2 - 3*g. Give m(i).
-14
Suppose 3*v = -9*v - 1044. Let q = -78 - v. Let b(f) = -25*f + 17*f - 2*f - q - f**2. Calculate b(-10).
-9
Let d be 0 + (3/1 - 3). Suppose -2*w - w + 12 = d. Let f(v) = -6*v + 1 + 1 + 4*v**2 - v**2 - v**3 + 2*v**2. What is f(w)?
-6
Let s(c) = 14*c - 7. Let j = 3113 - 3115. What is s(j)?
-35
Let t = -24 - -28. Let m be t/2 + -3 - -1. Let v(s) be the first derivative of -s**2/2 + 4*s - 5. What is v(m)?
4
Let g(b) be the third derivative of b**5/60 - 17*b**4/24 + 11*b**3/3 + 35*b**2 - 4. Determine g(15).
-8
Let i(o) = -o + 11. Let s be 11/(-143)*2 + 24/(-13). Let w be (1 - s) + ((-21)/7 - -14). Give i(w).
-3
Let u(g) = 7 - 5 - g + 0*g. Let l = -36995 + 37000. Give u(l).
-3
Let y(m) = 3*m**2 - 29*m + 9. Let l = 10745 + -10735. Determine y(l).
19
Let o(y) = 2*y + 14. Let h be o(6). Let t(r) = -r + h - 45 + 20. Suppose -13 = 3*v - 25. What is t(v)?
-3
Let d(z) = -39*z**2 - 24*z + 14. Let w(c) = -28*c**2 - 16*c + 9. Let j(q) = -5*d(q) + 7*w(q). Suppose 2*n - 4 = 4. Let o = n - -3. Calculate j(o).
0
Let u be ((-5)/(-3))/(220/264). Let j(t) = 2 - 18*t**2 - 2*t + t**3 + 12*t + 12*t**2 + 14*t**u + 4. Give j(-6).
18
Suppose 4*c - 2*c = -8. Let i(u) = u**3 + 5*u**2 + 3*u - 2. Let w be i(c). Let g(j) = j**w - j**3 + 103*j + 4 - 103*j + 0*j**2. What is g(0)?
4
Suppose 11*v - 5*v = 18. Suppose -2*l + 18 = g, -4*l + 2*g = v*g - 32. Let w(y) = 5*y - 37. Calculate w(l).
-2
Let d(f) = 3*f + 29. Let h(g) = -6*g - 79. Let o(y) = 5*d(y) + 3*h(y). Give o(-27).
-11
Let j(k) = 10002 + 10113 - 10*k - 20042. What is j(11)?
-37
Let b(g) be the third derivative of g**5/60 - g**4/24 - 7*g**3/6 - 87*g**2. Suppose -18*u - 15 = -21*u. What is b(u)?
13
Let y(o) = -2*o**2 + 11490*o**3 - 22980*o**3 + 2*o + 11491*o**3 + 1. What is y(2)?
5
Let a(x) = -x**2 - 6*x - 7. Let h(g) = 6*g + 8. Let m be h(-4). Let y be 10/(24/16*m/12). Calculate a(y).
-2
Let j(d) = 2*d - d**2 + 5 - 26 - 5*d + 18 + 16. What is j(4)?
-15
Let n be (20/15 - 4)*(117/(-18) + 8). Let y(x) be the third derivative of 0 + 5/6*x**3 + 0*x - 1/12*x**5 + 4*x**2 - 1/120*x**6 - 1/6*x**4. Calculate y(n).
5
Let t = -531 - -531. Let i(s) be the third derivative of 0 + 3*s**3 - s**2 + 1/24*s**4 + 0*s. Give i(t).
18
Let f(v) = -v**3 + 5*v**2 + 4*v - 6. Let w(m) = -114*m - 114*m + 44 + 113*m + m**3 - 35*m**2. Let t be w(38). Calculate f(t).
-18
Let f(w) be the second derivative of w**4/6 + w**3/2 + w**2 - 53*w. Suppose -43 = 5*r - 28. Calculate f(r).
11
Let u(a) = -a**2 + 9*a - 21. Let q(m) = 21*m + 633. Let z be q(-30). What is u(z)?
-3
Let v(u) be the second derivative of -41*u**4/4 - u**3/6 - u**2/2 + 8738*u. Give v(-1).
-123
Let h(g) be the first derivative of -g**3/3 + g**2/2 - 13*g - 236266. Let o = -1 + 1. What is h(o)?
-13
Let g(y) be the first derivative of -219 + 2/3*y**3 - 2*y - 4*y**2. Determine g(5).
8
Let z(f) be the second derivative of f**5/20 + f**4/6 - f**3/2 + f**2/2 - f. Let d be (17/((-51)/2))/(2/1572). Let b = 526 + d. Give z(b).
11
Let z(t) = t - 6. Let y be z(12). Let m be (4 - 12/3)/(2 - 1). Suppose m = c - y*c. Let f(s) = s + 10. What is f(c)?
10
Let x(h) = 7*h**2 + 1. Let v be -1 + (3 - -1*(1 - 2)). What is x(v)?
8
Let q be 9/6*(-180)/27. Let s be (-78)/(-9) - 2 - q/(-15). Let z(k) be the second derivative of -k**3/6 - k**2/2 - 3*k. Determine z(s).
-7
Suppose -1021*x = -1023*x + 6. Let j(r) be the first derivative of -8/3*r**x + 1/4*r**4 + 0*r**2 - 10 + 9*r. Determine j(8).
9
Let d = 5 - 3. Let o(x) = -d*x**3 + x**2 + x**3 + 4 - 5*x**2. Suppose f + 111 - 58 = 5*s, 0 = s - 10. Determine o(f).
-5
Let f(w) = -2580*w + 5 + 1282*w + 1291*w + w**2. Give f(8).
13
Suppose -6*o = -11*o, -3*o = -s - 22. Let q(j) = -j**2 - 20*j - 26. Calculate q(s).
-70
Let a(z) be the first derivative of 13*z - 1/3*z**3 + 32 - 9/2*z**2. Suppose -3*q = -6, j - 5*q + 20 = -1. Give a(j).
-9
Let t(d) = -d - 72. Let b = 27381 - 27395. Give t(b).
-58
Let b(o) = -57*o**2 + 100*o**2 - 25*o**3 - 42*o**2 + o + 2 - 1. Calculate b(-1).
26
Let b be (14/(-6))/7 - (-1848)/198 - 4. Let f(g) be the second derivative of -4*g**3/3 + 2*g**2 - g. Determine f(b).
-36
Let i(f) be the first derivative of 2*f**3/3 - 9*f**2 + 8*f + 256. What is i(9)?
8
Let v(n) be the second derivative of 28*n**3/3 + 5*n**2 + 3138*n. Determine v(1).
66
Suppose 4*p - 12 = p, 28 = -4*k + 2*p. Let s be (k + (5 - 1))/((-2)/(-10)). Let i(t) = t**3 + 4*t**2 - 7*t - 2. Calculate i(s).
8
Suppose 0 = -p + 661 - 655. Let m(r) = -4*r**2 - 12*r + 16. Let k(l) = -3*l**2 - 11*l + 14. Let o(q) = -5*k(q) + 4*m(q). Determine o(p).
0
Let b(o) = 3*o**2 - 5*o - 6. Let y(m) = -4*m**2 + 4*m + 7. Let g(d) = -3*b(d) - 2*y(d). Suppose 0 = -8*r + 213 - 149. Give g(r).
-4
Let g(r) be the first derivative of -r**4/4 + 3*r**3 - 2*r**2 + 10*r + 987. What is g(6)?
94
Suppose 48*i = 41*i + 14. Let l(k) = 3*k + 4. Calculate l(i).
10
Suppose 0 = -k + 2*o - 6, -2*o - 16 - 8 = 4*k. Let g(x) = -3*x**3 + x**2 + x + 1. Let d be g(-1). Let t(u) = -d - 5*u + u - 2 + u. Determine t(k).
12
Let h = -20 + 17. Let u = -68 - -92. Let g(y) = 0*y + 2*y**2 + 24 + u + 4*y - 46. Calculate g(h).
8
Let m(q) = 26*q - 16. Let v(g) = -7*g + 2. Let h(i) = -20*i + 5. Let n(w) = -4*h(w) + 11*v(w). Let s(u) = -m(u) + 8*n(u). What is s(19)?
-6
Let s(g) be the third derivative of -g**6/120 - 5*g**5/12 - 9*g**4/8 - 40*g**3/3 + 1838*g**2. Determine s(-24).
-8
Let w be 4/(-2)*(17 + -18). Let j(o) = -8*o**2 + w*o - 3*o**2 + 2*o - 3*o. Suppose 2*r + 2 = 4. Give j(r).
-10
Let t = -374 + 379. Suppose -47*b + 4*d - 10 = -52*b, -t*d = -3*b + 6. Let s(i) = -6*i**2 - 2. Determine s(b).
-26
Let r(x) = 392*x - 35*x**2 - 783*x - 2 + 390*x. Calculate r(-1).
-36
Let q(d) = -187*d**3 - 5 + d + 186*d**3 - 2 - 9*d**2. Determine q(-8).
-79
Let s(h) = -42*h + 254. Let q be s(6). Suppose -q*w + d = 7, -d + 0*d + 4 = -w. Let r(b) = b**2 + b - 3. Calculate r(w).
3
Let x be 0 + (2 - 1) + -9. Let u be x/(-6)*(-3)/2. Let z(w) = -19379*w - 1 + 19381*w + 4. What is z(u)?
-1
Suppose -26*u + 122 = -8. Let y(j) = -6*j + u*j**2 + 2*j**2 - 11*j**2 + 5*j**2. Let f be (-4)/(-1)*(-5)/(-4). What is y(f)?
-5
Let z(a) be the second derivative of -2 + 21/2*a**2 + 1/3*a**3 - 67*a. Determine z(-11).
-1
Let a(j) be the first derivative of -1/2*j**2 + 4*j - 49. Calculate a(7).
-3
Let z(v) be the second derivative of -v**5/20 + 3*v**4/4 - 956*v - 5. Calculate z(9).
0
Let v(o) = 288*o - 600. Let w(n) = 239*n - 599. Let q(h) = -4*v(h) + 5*w(h). Calculate q(14).
7
Let s(z) = z**2 - 7*z - 5. Suppose 4*x = 4*k + 80, -3*k + 45 = x + k. Let h(g) = -g**2 + 25*g + 20. Let t be h(x). Suppose -t = l - 27. Determine s(l).
-5
Let w(i) = i**3 + 15*i**2 + 11*i - 24. Let v = -6452 - -6438. Calculate w(v).
18
Let f(y) = 326*y**2 - 23*y - 466. Let i(b) = -181*b**2 + 12*b + 233. Let c(o) = 5*f(o) + 9*i(o). Determine c(-12).
-5
Let p = -1592 + 944. Let l = 650 + p. Let k(i) = -4*i + 2. Determine k(l).
-6
Let v = -30133 - -30125. Let u(g) be the third derivative of 0*g + 1/24*g**4 - 2*g**2 + 0 + 5/6*g**3. Determine u(v).
-3
Let r(w) be the second derivative of 30 + 5*w**2 - 2*w - 1/3*w**3. Determine r(6).
-2
Let v(w) = -3*w + 3318923 + 5*w - 3318922. Let x = 2 + -1. Give v(x).
3
Let a(n) = 4*n**3 - 5*n**3 - 8*n**2 - n**2 - 763180*n + 763181*n + 13. Let g be (-7 - 0/(-2)) + -2. Calculate a(g).
4
Let p(s) be the first derivative of -s**2/2 - 5*s + 614. Let o be -3 - (-1 + (1 - 8)). Determine p(o).
-10
Let u(h) = -h**3 + h - 19. Let t(k) be the third derivative of -k**5/60 - 11*k**4/12 - 20*k**3/3 - 51*k**2. Let n be t(-20). Determine u(n).
-19
Let y(i) be the first derivative of 23*i**2/2 + 31*i - 40. Let g be y(-2). Let l(k) = k**2 + 14*k - 16. Determine l(g).
-1
Let y be -1 + 16/44*22. Let h(d) = -d**3 + 8*d**2 - 15*d + 8. Give h(y).
-48
Let q = 3 + 0. Let j be (-1 - -7) + 72/(-24). Let m(k) = k - 3*k - k**2 + j*k + 2 + 0*k**2. What is m(q)?
-4
Suppose -2*h + 0*h + 4 = 0. Let b(d) = 6*d**h + d**3 - 2*d**3 - 4*d + 2*d + 1. Suppose -u + 26 = -4*k, -u - 6*k = -7*k - 11. Determine b(u).
-11
Let i(l) = 304 + 3*l - 235 + 5*l + 0*l - 216. Give i(18).
-3
Let p(o) = 50*o - 148. Let k(r) = -9*r + 27. Let v(s) = -11*k(s) - 2*p(s). Let u(f) = 6*f + 1. Let c be u(4). Suppose 2*d + 3*d + c = 0. What is v(d)?
4
Let q(d) = 4 - 2 + 531*d + 534*d - 1595*d + 528